 - -32?
225
In base 5, what is 4 - -114313130?
114313134
In base 16, what is -17d - eb?
-268
In base 15, what is 4e + -191?
-142
In base 3, what is -1210201 + -21100?
-2002001
In base 13, what is -47 + 464?
41a
In base 3, what is -20010 + -112202201?
-112222211
In base 16, what is -118c3 + -2?
-118c5
In base 14, what is a - -2171?
217b
In base 10, what is 15 + -53878?
-53863
In base 3, what is -20101022012 + 221?
-20101021021
In base 4, what is 2 + 1011311101?
1011311103
In base 16, what is -2d1 - 3?
-2d4
In base 4, what is -1 + 1111322?
1111321
In base 2, what is 11100011011101001111 - -10?
11100011011101010001
In base 10, what is 28 + 79?
107
In base 7, what is 10 + -1263?
-1253
In base 15, what is -23 - -9d?
7a
In base 4, what is 1023 - 3301300?
-3300211
In base 2, what is 1111001001 + 1011?
1111010100
In base 11, what is 24a3a + 32?
24a71
In base 4, what is 12111 + 132212?
210323
In base 2, what is 10001111101 + -100100001011?
-10010001110
In base 7, what is -155 + -55?
-243
In base 13, what is -96 - -18?
-7b
In base 13, what is 1a927 - -1?
1a928
In base 5, what is -12 - -102114032?
102114020
In base 5, what is 2443 - -2224?
10222
In base 4, what is -23311 + -102021?
-131332
In base 14, what is -2 + a261?
a25d
In base 2, what is 101111100110 - -10011?
101111111001
In base 7, what is -1424651 + -4?
-1424655
In base 6, what is -45 - -4051?
4002
In base 12, what is 6a6496 + 1?
6a6497
In base 14, what is -8d5a95 + 2?
-8d5a93
In base 11, what is -3029a + -2?
-302a1
In base 13, what is 122 + -1b?
104
In base 3, what is 2121 - -222222?
1002120
In base 10, what is 242308 + -1?
242307
In base 13, what is -3439 - -1?
-3438
In base 12, what is 4276 + 22?
4298
In base 15, what is -249b - 1d?
-24b9
In base 5, what is -1 + -234402234?
-234402240
In base 10, what is 8 + -2493?
-2485
In base 11, what is 5 + -6a67?
-6a62
In base 13, what is 40c19 - 11?
40c08
In base 15, what is 80d + 4?
812
In base 4, what is -3 + -3210301?
-3210310
In base 6, what is -2145110 - 3?
-2145113
In base 10, what is -102 + -16?
-118
In base 7, what is 1615661 - -3?
1615664
In base 11, what is 1124 + 16?
113a
In base 3, what is 1111111 + 11010?
1122121
In base 13, what is 5 - 21576c?
-215767
In base 4, what is -110312 - -30111?
-20201
In base 11, what is 1 + 4a54?
4a55
In base 7, what is 14 + -362304?
-362260
In base 16, what is -a2cf + 41?
-a28e
In base 4, what is 100 + -13123133?
-13123033
In base 15, what is -e0 + 9?
-d6
In base 13, what is -193 + -512?
-6a5
In base 12, what is 2 + -7790?
-778a
In base 5, what is 1 - 20442134?
-20442133
In base 7, what is 44 + -13036?
-12662
In base 2, what is 110101110100011 + 11101?
110101111000000
In base 8, what is -420631 + -1?
-420632
In base 15, what is 6c - 255b?
-24de
In base 15, what is a1 + 469?
51a
In base 8, what is 6155 + 26?
6203
In base 2, what is -1010011000101 + -101?
-1010011001010
In base 15, what is -4 + 27?
23
In base 11, what is -244495 - 1?
-244496
In base 5, what is 20441203 + -21?
20441132
In base 6, what is -1 + 22534511?
22534510
In base 3, what is -2020 - 200001002?
-200010022
In base 7, what is -5 - -2623?
2615
In base 5, what is -43331 - 21?
-43402
In base 7, what is 536 - -45?
614
In base 7, what is -256 - 1622?
-2211
In base 11, what is -3 - 477201?
-477204
In base 5, what is -111411 + -103?
-112014
In base 2, what is 101101010001111 - -11?
101101010010010
In base 3, what is 212002120021 - 21?
212002120000
In base 10, what is 22 + -1972?
-1950
In base 6, what is -1102 + 154?
-504
In base 7, what is -16522 + 41?
-16451
In base 15, what is e + 3e00?
3e0e
In base 3, what is -122 - -100021?
22122
In base 11, what is 7a03 + -8?
79a6
In base 15, what is a + -209c?
-2092
In base 13, what is -4 - -63868?
63864
In base 7, what is -356 - -101?
-255
In base 12, what is 4 + -2ba?
-2b6
In base 4, what is -21111 + -31023?
-112200
In base 4, what is -203 - 111021?
-111230
In base 6, what is -42 + 53311?
53225
In base 10, what is -10384 + -744?
-11128
In base 6, what is 10513 + 20?
10533
In base 5, what is 3 + 33320?
33323
In base 5, what is 0 + -2103010?
-2103010
In base 5, what is -312 - 21100?
-21412
In base 7, what is -12010 + -6461?
-21501
In base 5, what is -30 + -2014413?
-2014443
In base 7, what is 251 - -21265?
21546
In base 13, what is -7b20 - b3?
-7c03
In base 3, what is -22 + -1200111?
-1200210
In base 15, what is 365b + 3?
365e
In base 3, what is 11122000 - -222?
11122222
In base 11, what is -457 - 115?
-571
In base 15, what is 45 + 3?
48
In base 12, what is -788 + -a3?
-86b
In base 15, what is -28 - 3c6c?
-3c95
In base 13, what is -25c + 1514?
1285
In base 8, what is 32 - -117311?
117343
In base 2, what is -11011 - 101100?
-1000111
In base 3, what is 2122 + -2120?
2
In base 3, what is 1000110 - -112200?
1120010
In base 8, what is 11 + 220045?
220056
In base 14, what is -4b80 - -2?
-4b7c
In base 14, what is -a3a - -2?
-a38
In base 10, what is -3528 + 7?
-3521
In base 3, what is 12 - 100100021?
-100100002
In base 12, what is 3 - -6853b?
68542
In base 13, what is -1c6 - -3c?
-187
In base 7, what is 131 - -1306?
1440
In base 11, what is -82457 - -5?
-82452
In base 8, what is -1072 + 157?
-713
In base 12, what is -5331 + 29?
-5304
In base 14, what is -498 + 760?
2a6
In base 16, what is -be07f + -2?
-be081
In base 15, what is -4 - 22ee?
-2303
In base 2, what is 10001101 + 111100100?
1001110001
In base 2, what is 10110101011011011 - 1?
10110101011011010
In base 12, what is -75 - -26a?
1b5
In base 9, what is 55 - -77027?
77083
In base 5, what is -3244121 - 330?
-3300001
In base 13, what is 1 + -2acb62?
-2acb61
In base 2, what is 1001011000001 + -10011?
1001010101110
In base 9, what is -813 + -138?
-1052
In base 16, what is 0 + -6079?
-6079
In base 6, what is -23002 - -123?
-22435
In base 13, what is 136 + 236?
36c
In base 8, what is 1334 + 3220?
4554
In base 6, what is 350 + -145?
201
In base 13, what is 34c + -2ba?
62
In base 3, what is 121101001 - -1110?
121102111
In base 4, what is 11 + 113103?
113120
In base 3, what is -20 - 101011210001?
-101011210021
In base 16, what is 2 - -a745?
a747
In base 13, what is 96612 - -b?
96620
In base 16, what is d3 + 10a?
1dd
In base 4, what is 301323 + -21?
301302
In base 10, what is 200184 + 0?
200184
In base 3, what is -220021 - 1012010?
-2002101
In base 5, what is 331 - 34442?
-34111
In base 15, what is -cb56 + 5?
-cb51
In base 2, what is 101111011 + 1001000?
111000011
In base 16, what is dad - -6a?
e17
In base 4, what is 11032 + 12231?
23323
In base 8, what is -1113 + 32?
-1061
In base 4, what is -133303 - -1323?
-131320
In base 10, what is -18567 + 3?
-18564
In base 3, what is 11210 + -20102?
-1122
In base 2, what is -110 - -1010111101000010?
1010111100111100
In base 10, what is -14 + -49483?
-49497
In base 6, what is 4450351 - -4?
4450355
In base 5, what is -1122033 - -43?
-1121440
In base 14, what is -1ac + d?
-19d
In base 12, what is b3 - 50?
63
In base 14, what is 22 - -116?
138
In base 2, what is 1010001 + -100000111?
-10110110
In base 5, what is -4 + -100114?
-100123
In base 11, what is 4 - -2939?
2942
In base 6, what is -1215115 + 21?
-1215054
In base 8, what is -47311 - -1?
-47310
In base 14, what is -86 - -8875?
87cd
In base 14, what is 100 + -30d?
-20d
In base 15, what is 2353 + -7?
234b
In base 16, what is -b62 - 30?
-b92
In base 10, what is 219 - -72?
291
In base 13, what is -2 + 15c1b?
15c19
In base 7, what is 1620 + 363?
2313
In base 4, what is 131001 + -3?
130332
In base 5, what is 304 - 3202?
-2343
In base 6, what is 4535242 - 5?
4535233
In base 5, what is 1112020 + 333?
1112403
In base 8, what is -20 + 545434?
545414
In base 10, what is 0 + -195180?
-195180
In base 16, what is -37f51e - -2?
-37f51c
In base 6, what is 20345 + 20?
20405
In base 6, what is -31 + 252104?
252033
In base 7, what is 5 - 223242?
-223234
In base 4, what is -12 - 2201031?
-2201103
In base 10, what is -1323 + -1877?
-3200
In base 6, what is -12051 - 40?
-12131
In base 2, what is -11011101100000 - -1?
-11011101011111
In base 16, what is -97b + -19?
-994
In base 10, what is -3 + 681102?
681099
In base 7, what is 3122224 - -3?
3122230
In base 12, what is -7625 + 61?
-7584
In base 2, what is 1010110 - 110111011011?
-110110000101
In base 16, what is c7 + 19c?
263
In base 16, what is 5 - -9